 2*b = -b + h. Calculate the highest common factor of 7 and b.
7
Let p(m) = -m**2 - 5*m - 6. Let t be p(-4). Let a be (2 + t*1)/(-2). Suppose -g + 6*g - 65 = a. Calculate the greatest common divisor of g and 39.
13
Let f = 0 + 3. Let p(o) = 3*o**2 + 4*o + o**2 - 3*o**2 + 1. Let z be p(4). Calculate the highest common factor of z and f.
3
Suppose -v + 6*i + 79 = 3*i, v - 85 = 5*i. Calculate the highest common factor of 28 and v.
14
Let q be 116/(-28) - 2/(-14). Let p = q - -24. Calculate the highest common factor of 4 and p.
4
Let r(i) = -3*i - 3*i**2 - i**3 - 4*i + 0*i**2 - i**2 - 4. Let q be r(-4). What is the highest common factor of 16 and q?
8
Suppose -15 = -3*c, 3*y = -3*c - 2*c + 43. What is the greatest common divisor of 3 and y?
3
Suppose 4*h - 10 = 22. Calculate the greatest common divisor of h and 40.
8
Let j be (-1 - 0)/(1/(-55)). Let l(n) = 2*n**2 - 3*n + 1. Let m be l(6). Let u be 44/(-5)*m/(-22). Calculate the greatest common factor of j and u.
11
Let x(z) = -24*z + 3. Let w be x(-4). Let b be 11 + -2 - (0 + -3 + 1). Calculate the greatest common divisor of b and w.
11
Let b = 20 + 15. Suppose -l + b = 7. Calculate the highest common factor of 42 and l.
14
Suppose 0*m + 54 = -m. Let y be m*(1/3 + -1). Suppose 0 = 5*j - y - 14. Calculate the greatest common factor of j and 5.
5
Suppose -c - 4*y + 5*y = -18, 2*c = 3*y + 33. Calculate the highest common divisor of c and 21.
21
Suppose -4*h = -h + 24. Let j(v) = v + 22. Let y be j(h). What is the greatest common divisor of y and 112?
14
Let u = -2 + 21. Suppose 5*k + 15 = 0, -4*j + 3*k + u = -34. What is the highest common divisor of j and 55?
11
Let o be ((-140)/245)/((-2)/70). Calculate the highest common divisor of 260 and o.
20
Let b be (-3)/1*(-104)/3. Suppose 5*g = -8 - 22. Let j = g + 19. What is the highest common divisor of j and b?
13
Let a be 0 - (-1)/1 - -3. Suppose -24 = 5*c - 6*c. Calculate the highest common divisor of c and a.
4
Let c be (-4)/(-2) + (0 - -8). Suppose 0 = -7*j + 2*j + c, 193 = 3*z - j. What is the highest common factor of 26 and z?
13
Suppose 554 + 76 = 63*n. Let l = 218 + -128. What is the greatest common divisor of l and n?
10
Suppose -3*l + 4*k - 52 = l, 4*l = 2*k - 58. Let f = 34 + l. Let z be ((-1)/3)/(5/(-180)). Calculate the greatest common divisor of z and f.
6
Let l = 3 + -3. Suppose 14 = -l*t + 2*t. Suppose y = 4 + t. What is the greatest common factor of 88 and y?
11
Let f = -28 + 32. Let o be (10/(-4))/(f/(-40)). Calculate the greatest common divisor of o and 5.
5
Let y(g) = g**3 + 11*g**2 + g + 8. Let h be y(-11). Let p be -45*1/(h/2). Calculate the greatest common factor of 10 and p.
10
Let t(k) = -3*k - 2. Let c be t(-8). Suppose 5*n + 3*m + 33 = 0, -2*n + 4*m - c = 3*m. Let j be 3/(n/6) - -15. What is the highest common factor of 39 and j?
13
Let x = -215 + -236. Let f = -308 - x. Calculate the highest common divisor of f and 13.
13
Let b(g) = -g**2 - 7*g - 4. Let y be b(-6). Let o(h) = 3*h - 14. Let q be o(5). Calculate the highest common factor of q and y.
1
Suppose 4*q - 27 = 45. Suppose -q = -o + 7. Let p be (-2)/(-5) + 1090/o. Calculate the highest common divisor of p and 11.
11
Suppose 5*q - 2*q = -60. Let a = q - -34. What is the greatest common factor of a and 14?
14
Let d = 100 - 90. Calculate the highest common factor of 290 and d.
10
Let w = 204 - 68. Calculate the highest common factor of w and 17.
17
Let t = -12 + 14. Calculate the greatest common factor of 14 and t.
2
Let k(z) = -6*z - 9. Let f be k(-4). What is the greatest common factor of f and 10?
5
Let s(h) = 3*h**3 - 2*h + 1. Let r be s(1). Suppose r*v + 4 = -4*p - 2*v, 5*v + 41 = 4*p. What is the highest common factor of 44 and p?
4
Let q(j) = 3*j - 13. Let x be q(11). Let o = -5 - -2. Let r = 23 + o. Calculate the greatest common divisor of x and r.
20
Suppose -2*k = -3*t + 14, 4*t - t = -k + 11. Suppose t*h + 12 = 6*h. Let i be ((-2)/h)/(2/(-210)). Calculate the highest common divisor of i and 14.
7
Suppose 120 = 3*w + n - 5*n, 78 = 2*w - 2*n. What is the greatest common divisor of 108 and w?
36
Let u(w) = -2*w - 1. Let o be u(-5). Suppose -2*s + 5*i - o = 0, 4*s + i + 11 = 4*i. Let k be ((-26)/6)/(s/12). What is the greatest common factor of k and 13?
13
Suppose -6*n - 2*j = -2*n - 56, 2*n - j = 32. Suppose 0 = 5*f - 2*u - 60, 0 = -3*f - 2*f + 4*u + 70. What is the greatest common factor of n and f?
5
Let i(u) = 15*u + 69. Let v be i(15). Calculate the highest common divisor of v and 42.
42
Let c(d) = d**3 + 15*d**2 + 21*d - 5. Let y be c(-13). What is the highest common factor of 15 and y?
15
Let w = 62 - -70. Suppose -10 + 82 = 3*y. Suppose 0*d - 2*d = -y. What is the greatest common factor of w and d?
12
Let u = -91 - -142. Let c be 24/10 + (-9)/(-15). Suppose -3*h + 57 = 4*y, -c*y - 4*h = h - u. Calculate the highest common divisor of 30 and y.
6
Let b = 10 + -9. Let p be 0 - b - (3 - -5). Let k be 4/(-18) - 110/p. Calculate the greatest common divisor of k and 84.
12
Let o = 15 + -8. Suppose o + 1 = v. Let q = 69 - 49. What is the greatest common factor of q and v?
4
Suppose a - 3*j - 16 = 0, 4*j + 36 = 2*a - 2. Let r(d) = d**2 + 2*d - 5. Let o be r(-5). Calculate the highest common divisor of o and a.
5
Let j(q) = 37*q + 10. Let y be j(3). Calculate the greatest common factor of y and 22.
11
Let y be (0 - 2)*(-6)/4. Suppose -y*f + 49 = -g, 0 = -5*g + 2*f - 114 - 144. Let h = 97 + g. What is the highest common factor of h and 5?
5
Suppose -168 = -2*y + 296. What is the greatest common factor of 8 and y?
8
Suppose -1276 = 2*j - 2*h, -2736 + 822 = 3*j - h. Let d = 917 + j. Suppose -5*z + d = m, -m - m = -8. Calculate the highest common divisor of 22 and z.
11
Let r be (-32)/(-3) - (-2)/6. Suppose 0 = 2*g + 3*f - 201, 2*g - f - 2*f = 195. What is the greatest common divisor of g and r?
11
Let f = 12 + 6. Let g(x) = x**3 - 4*x**2 + x + 1. Let h be g(3). Let a = h - -14. Calculate the highest common factor of f and a.
9
Let g be 11/(4/(21 + -1)). Calculate the greatest common divisor of g and 5.
5
Suppose -12 = -4*h + h. Suppose -3*t = -h*p + t, -2*t = -4*p + 4. Suppose 0 = -5*y - 20, -2*i = p*y - 0*y. What is the highest common factor of 36 and i?
4
Let z = 4 + 6. Suppose -z = -5*l - 0*l. Let m be l/3 - 14/(-6). What is the greatest common divisor of m and 9?
3
Let l = -24 - -50. What is the greatest common factor of 52 and l?
26
Let z(m) = 16*m**2 + 3*m - 1. Let u be z(-1). Calculate the highest common factor of 3 and u.
3
Let h(l) = 6*l - 3*l**3 + 2*l**3 + 4*l**2 + 1 - 5. Suppose 5*b = -2*i + 33, b + 3 = 6*i - 4*i. Let p be h(b). What is the greatest common factor of 7 and p?
1
Let y = 177 + 28. What is the highest common divisor of 82 and y?
41
Let d = -113 - -185. Suppose -45 = -6*g + g. Calculate the greatest common divisor of d and g.
9
Suppose -3*g - 3*l - 21 = 0, 0*g = -g - 4*l - 19. Let h be 4 - (-4)/(g + -1). Let t = -22 + 37. Calculate the greatest common divisor of h and t.
3
Let y = -498 + 102. Let u be (y/8)/(2/(-4)). Calculate the highest common divisor of u and 11.
11
Let i(t) = 2*t**3 - 10*t**2 + 7*t + 1. Let g be i(6). Let z = 19 + 27. What is the greatest common divisor of g and z?
23
Let h(l) = 6*l + 12. Let u be h(4). Calculate the greatest common divisor of u and 9.
9
Let q = -6 - -4. Let w(b) be the third derivative of -b**6/40 - b**5/15 - b**4/8 + 3*b**2. Let a be w(q). What is the greatest common factor of 112 and a?
14
Let c be (-1)/(-2 + 89/45). What is the greatest common divisor of 18 and c?
9
Let i(p) = -10*p - 4. Let o be i(5). Let q = 99 + o. Suppose -x + 4*x - q = 0. What is the greatest common factor of x and 30?
15
Let y(x) = x**2 - x - 2. Let d be y(0). Let m be (0 + 1)/((-1)/d). Calculate the greatest common factor of 2 and m.
2
Let r(d) = -d**2 - d + 1. Let n be r(0). Let l be (26 - 2)*n/2. Suppose 5*b = 28 + 92. What is the greatest common factor of l and b?
12
Suppose -5*p = -2*o - 2*o - 704, -3*p = o - 436. Suppose 5*y = 3*y + p. Suppose 0 = -4*v - 0*v + y. Calculate the highest common factor of v and 36.
18
Let r = 187 - 91. Let s(y) = 2 - 4*y - 3*y + 2*y. Let k be s(-2). What is the greatest common divisor of k and r?
12
Suppose -3*y + y + 100 = 0. Calculate the greatest common factor of y and 10.
10
Let l = 9 - 7.